m?
3, 73
Let f be (0 + 5)*1 - (-8 - -9). Suppose 4*n + 5*s = 5, 0*s - 4*s = -f. Suppose -z - 4*z + 430 = n. List the prime factors of z.
2, 43
Let n be -70 + (-1)/((2 - 1) + -2). Let d = 79 + n. List the prime factors of d.
2, 5
Suppose 2*g + 122 = 200. Suppose 33*v = g*v - 4656. List the prime factors of v.
2, 97
Suppose u - 3*r - 2 = 0, -3*u = -2*r - 9 + 3. Suppose 0 = k - u*x - 591, x = -4*k + 2*x + 2385. List the prime factors of k.
3, 199
Suppose -3*x = -5*d - 43, -4*x - 30 = 2*d - 122. List the prime factors of -47*(4 + x/6*-6).
17, 47
List the prime factors of ((-4)/10 - (-63555)/75)/(2/44).
2, 7, 11
Suppose 0 = -5*s, 0 = 2*z - 6*z + 3*s + 98384. List the prime factors of z.
2, 11, 13, 43
Let x be 135/25 + 4/(-10). Suppose -5*m + x*g = 1707 - 5322, 3*m = 4*g + 2174. What are the prime factors of m?
2, 359
Suppose 0 = 25*b - 16*b + 4113. Let x = b - -830. List the prime factors of x.
373
Let u = -6475 - -6531. Suppose 0*q = 3*q - 399. Let z = q + u. List the prime factors of z.
3, 7
Let k be -4*25/(-20)*1. Let j be ((-5 + k)/(-3))/1. List the prime factors of j + 158 - (-3 + (-4 - -4)).
7, 23
Let t = -1296 + 3366. What are the prime factors of t?
2, 3, 5, 23
Let t(j) = j**3 - 12*j**2 - j + 16. Let n be t(12). What are the prime factors of (-334)/(-6 + n) + 1 + -4?
2, 41
Suppose -5*d = -4*f - 12915, 12 + 3 = 3*f. List the prime factors of d.
13, 199
Let s(i) = 3917*i - 2296. List the prime factors of s(5).
3, 17, 113
Suppose 330720 = 10*l + 61*l - 19*l. List the prime factors of l.
2, 3, 5, 53
List the prime factors of (-6 - -5629 - -4)/((-5)/(-55)).
11, 17, 331
Suppose -8*c = -4*c - 252. Let x = 65 - c. Suppose -x*m = -3*r - 360, -m - 340 = -3*m - 2*r. What are the prime factors of m?
2, 3, 29
What are the prime factors of 2/(-24) + 59/(-236) + 40279/3?
2, 7, 137
Let m(p) = -3*p**3 + 7*p**2 - 50*p - 877. What are the prime factors of m(-18)?
47, 421
Suppose 26*m - 7680 = 2*m. Suppose -6*u = -22*u + m. What are the prime factors of u?
2, 5
Suppose -3*z + 7*z = 20, 0 = j - 6*z - 56587. List the prime factors of j.
11, 5147
Suppose 2*s = -4*s + 432. Let p = 72 - s. Let d(u) = -3*u + 192. What are the prime factors of d(p)?
2, 3
Let j(h) = -27*h**3 - 2*h - 96. What are the prime factors of j(-6)?
2, 3, 479
Let b = 42 + -42. Suppose -y - 4 - 10 = -5*z, b = 2*z + 2*y + 4. Suppose -4*n - 170 + 1070 = a, -z*a = -3*n + 686. What are the prime factors of n?
2, 113
List the prime factors of -4*613011/(-70)*175/105.
2, 29191
Suppose 14*k = 16*k - 944. Let u = k - 254. What are the prime factors of u?
2, 109
Let m be (-60)/48 - 1503/(-12). Let a = m + -2. What are the prime factors of a?
2, 61
Suppose -17*f = -16*f + 3. Let b(l) = -528*l + 19. Let o be b(f). Suppose 0 = c + 6*c - o. What are the prime factors of c?
229
Let i be 1002/3 + (12 - 11). Suppose 0 = 8*u - 1681 - i. What are the prime factors of u?
2, 3, 7
Let f(p) be the second derivative of -5*p**3 - 9*p**2 - 18*p + 2. What are the prime factors of f(-6)?
2, 3
Let l = 692 - 389. Suppose 7*o + 124 = -l. Let a = o - -125. What are the prime factors of a?
2
Let q(y) = -4*y**2 + 115*y + 6. Let w(d) = -2*d**2 + 59*d + 3. Let c(n) = 3*q(n) - 5*w(n). List the prime factors of c(22).
3, 5
Let u(q) = 99*q**2 + 166*q + 2668. List the prime factors of u(-22).
2, 3, 3911
Suppose 30*a - 184 = 86. Suppose -a*n + 5886 = -6282. List the prime factors of n.
2, 13
Let v(d) = -7*d**2 + 4*d - 5. Let c be (1*-2)/(5/(-30)*-6). Let t(h) = 14*h**2 - 9*h + 10. Let i(x) = c*t(x) - 5*v(x). List the prime factors of i(-4).
5
Let c be 132/36 + 5/(-3). Suppose 2460 = 5*r + 5*m, -c*r + 972 = m - 3*m. What are the prime factors of r?
3, 163
Let q(m) = -60*m - 76*m - 1 + 27*m + 27. What are the prime factors of q(-6)?
2, 5, 17
Let u(a) = 6*a - 179. Let q be u(30). Let z = q + 126. List the prime factors of z.
127
Suppose -59*w = -60*w + 1, 2*w + 117378 = 5*v. What are the prime factors of v?
2, 5869
Let q(o) = 9*o**2 - 377*o**3 + 378*o**3 - 19*o - 13 + 4*o**2. Let m be q(-10). Suppose -m - 195 = -12*n. List the prime factors of n.
2, 7
Let u(s) = -s**3 - 7*s**2 - 12*s - 5. Let d be u(-5). Let k(i) = -d - 2 - 111*i - 76*i. List the prime factors of k(-1).
2, 3, 5
Suppose -2*k - 86 + 22 = -5*i, -i - 5*k + 29 = 0. Suppose 0*q + 2*q - 496 = 0. Suppose -3*l + i = n - q, 0 = l + 2*n - 89. List the prime factors of l.
3, 29
Let l(s) = s**3 - 23*s**2 + 2*s - 10. Let v = 9 - -19. Suppose 3*f + v - 97 = 0. List the prime factors of l(f).
2, 3
Let q(l) be the third derivative of -l**6/120 - l**5/10 - l**4/2 - 3*l**3/2 - l**2. Let a be q(-4). Suppose -1127 = -a*b - 0*b. What are the prime factors of b?
7, 23
Let q = -36 - -3. Let h be -4 + 3 + 4 - q. Suppose h = 2*j - 0*j. What are the prime factors of j?
2, 3
Let j = -380 - -461. Suppose -j*o + 2186 = -79*o - 4*k, 4376 = 4*o - 4*k. What are the prime factors of o?
3, 5, 73
Let g = 46324 + -27108. List the prime factors of g.
2, 1201
Let k = -31 - -30. Let c = 5 + k. Suppose 3*g - 157 = -c*h, 3*g = 3*h - g - 149. List the prime factors of h.
43
List the prime factors of 553 + (-4 + -150)/(-14).
2, 3, 47
Suppose 9*b + 0*b = 45. Suppose 30 = n + b. List the prime factors of n.
5
Let u(m) = m**3 - m**2 - m - 1. Let d(h) = 2*h**3 + 17*h**2 - 28*h - 35. Let r(b) = d(b) - u(b). List the prime factors of r(-18).
2, 113
Let k = -158 + 181. Suppose 17*o - k*o + 3348 = 0. What are the prime factors of o?
2, 3, 31
Suppose -31*f + 444 = -19*f. Suppose -v = -2*x + 1302, 42*v = 2*x + f*v - 1318. List the prime factors of x.
11, 59
Let b(i) = 5*i + 40. Let d be b(-10). What are the prime factors of ((-48)/(-60) - (-338)/d)*-26?
2, 3, 11, 13
Let f(s) = 18*s - 18. Let d be f(14). Suppose 77*x + d = 78*x. What are the prime factors of x?
2, 3, 13
Let t(z) = 9*z**2 - 175*z + 2153. What are the prime factors of t(78)?
181, 239
Suppose 0 = 2*j + t - 22404, 206*t - 208*t - 12 = 0. List the prime factors of j.
3, 5, 83
Let h(q) = q**3 + 11*q**2 + q + 12. Let z be h(-11). Suppose -6*w = -5*w - z, -4*i + 49 = -3*w. What are the prime factors of i?
13
Let i(c) = -c**3 + 21*c**2 + 22*c + 4. Let a be i(22). Let o be -1 - a*(-3)/2. What are the prime factors of (o/8 - 2/16)*192?
2, 3
Let y = -657 + 942. Let m = y - 48. What are the prime factors of m?
3, 79
Suppose 37*g - 6*g - g - 569880 = 0. List the prime factors of g.
2, 3, 1583
Let y = -196 + 199. Suppose 4*q = -4*u + 3268, 0 = y*u + 3*q - 8*q - 2459. List the prime factors of u.
2, 409
Suppose n = -10 - 20. Let b = 25 + n. List the prime factors of -6*b/10*11.
3, 11
Let z(x) = -4 - 5 + 12 - 10*x - 5. Let j be z(-5). Suppose n + 4*g - j = 0, 4*n + g - 195 = 57. List the prime factors of n.
2
Suppose 2*y = -11 + 15. Suppose 0 = -2*c + 4*v, -5*c + y = -2*v - 6. List the prime factors of 351/c + ((-15)/6 - -2).
5, 7
Let d be (-4)/(-8)*10 - 0. Let f be (d + 26/(-6))*(-30)/(-4). Suppose 0 = -3*o + f*c + 489, -4*c - 202 + 32 = -o. What are the prime factors of o?
2, 79
Let m = -29 - -27. Let v be 43/m*(-2 - (-2 - -2)). Let p = -25 + v. List the prime factors of p.
2, 3
Let y(c) = -c**3 + 10*c**2 + 14*c - 128. Let m be y(10). Suppose 15*h = m*h + 15, -4*z + 2*h + 2638 = 0. What are the prime factors of z?
2, 331
Let k(v) = -6*v + 134. Let f(g) = -3*g + 67. Let l(a) = 7*f(a) - 3*k(a). What are the prime factors of l(8)?
43
Let o = 74527 + -42373. What are the prime factors of o?
2, 3, 23, 233
Let h(a) = -a**3 + 15*a**2 + 5*a + 42. Let p be h(13). Suppose -25 - p = -10*r. What are the prime factors of r?
47
Let t(s) = -4*s**3 + 14*s**2 - 2*s - 6. Let w be t(3). Suppose -4210 - 416 = -w*b. What are the prime factors of b?
3, 257
Suppose -90 - 3792 = -3*m. Let r = m - 890. List the prime factors of r.
2, 101
Suppose -45*a = -55*a + 12100. What are the prime factors of 1/((-5)/(-10) - 595/a)?
11
Suppose 3*s + 5*b - 23 = 0, 0*b - 28 = -4*s - 4*b. Suppose s*v + 72 = 14*v. Suppose 12*u - 114 = v*u. List the prime factors of u.
2, 19
Let t = 86941 + -32479. What are the prime factors of t?
2, 3, 29, 313
Suppose -375 = -15*x + 375. What are the prime factors of ((-1)/((-2)/x))/(159/1908)?
2, 3, 5
Suppose 3*q + 120 + 60 = 0. What are the prime factors of 2/(-5) - (-4)/(q/(-1101))?
73
What are the prime factors of (-10)/2 + (1883576/30 - (-38)/285)?
3, 17, 1231
Let n(w) 